2662 and 26.
26
What is the highest common divisor of 55 and 385?
55
What is the greatest common factor of 609 and 21?
21
Calculate the highest common divisor of 108 and 144.
36
What is the greatest common divisor of 6 and 288?
6
Calculate the greatest common divisor of 63 and 21861.
63
What is the greatest common divisor of 4809 and 3?
3
Calculate the highest common factor of 363 and 99.
33
What is the highest common divisor of 465 and 2139?
93
What is the highest common factor of 220 and 40?
20
What is the greatest common factor of 68 and 68?
68
Calculate the greatest common divisor of 3618 and 54.
54
What is the highest common factor of 240 and 300?
60
Calculate the highest common factor of 6234 and 24.
6
Calculate the highest common factor of 50 and 450.
50
Calculate the greatest common factor of 86 and 32422.
86
What is the highest common factor of 162 and 12?
6
What is the greatest common divisor of 81 and 54?
27
What is the highest common divisor of 22 and 44?
22
Calculate the highest common factor of 460 and 190.
10
Calculate the greatest common factor of 785 and 2.
1
Calculate the greatest common factor of 126 and 336.
42
What is the greatest common factor of 98 and 84?
14
What is the greatest common factor of 949 and 1971?
73
Calculate the highest common divisor of 3081 and 156.
39
Calculate the highest common factor of 144 and 400.
16
Calculate the greatest common factor of 3658 and 310.
62
What is the highest common divisor of 23928 and 96?
24
What is the highest common divisor of 36 and 12?
12
What is the highest common factor of 1081 and 23?
23
Calculate the highest common factor of 4845 and 2261.
323
What is the greatest common factor of 32 and 32?
32
Calculate the highest common divisor of 1738 and 632.
158
Calculate the highest common factor of 2561 and 1576.
197
Calculate the greatest common divisor of 291 and 12.
3
What is the highest common divisor of 368 and 598?
46
What is the highest common divisor of 8 and 58?
2
What is the greatest common factor of 2737 and 6256?
391
What is the greatest common divisor of 36870 and 10?
10
Calculate the highest common divisor of 586 and 64753.
293
What is the greatest common factor of 20 and 310?
10
What is the highest common factor of 455 and 325?
65
Calculate the greatest common factor of 2786 and 14.
14
What is the greatest common divisor of 1958 and 22?
22
Calculate the highest common factor of 5181 and 99.
33
Calculate the highest common factor of 23 and 207.
23
What is the greatest common factor of 364 and 1300?
52
What is the greatest common factor of 12 and 129?
3
What is the highest common factor of 310 and 70?
10
What is the highest common divisor of 266 and 14?
14
Calculate the highest common divisor of 158 and 4.
2
What is the highest common divisor of 288 and 36?
36
Calculate the greatest common factor of 535 and 10.
5
What is the greatest common divisor of 11563 and 31?
31
Calculate the highest common factor of 19 and 19.
19
Calculate the highest common factor of 1192 and 16.
8
Calculate the greatest common divisor of 99 and 6633.
99
Calculate the highest common divisor of 8 and 824.
8
What is the highest common divisor of 414 and 8073?
207
What is the highest common factor of 545 and 5?
5
Calculate the greatest common factor of 49 and 8477.
49
What is the highest common divisor of 3110 and 10?
10
Calculate the greatest common divisor of 726 and 132.
66
Calculate the greatest common divisor of 86 and 1161.
43
What is the greatest common factor of 3 and 537?
3
What is the highest common divisor of 533 and 91?
13
Calculate the greatest common divisor of 60 and 4300.
20
What is the greatest common factor of 24 and 1077?
3
What is the highest common divisor of 6 and 66?
6
Calculate the highest common factor of 52 and 780.
52
What is the greatest common divisor of 22940 and 1850?
370
Calculate the greatest common divisor of 675 and 240.
15
Calculate the greatest common factor of 346 and 8.
2
Calculate the highest common divisor of 171 and 117.
9
What is the highest common factor of 16356 and 348?
348
Calculate the greatest common factor of 27 and 324.
27
What is the greatest common factor of 29 and 6699?
29
What is the greatest common factor of 12 and 1818?
6
Calculate the greatest common factor of 13563 and 99.
99
Calculate the greatest common factor of 258 and 11997.
129
Calculate the highest common factor of 15372 and 244.
244
Calculate the greatest common factor of 13 and 806.
13
What is the greatest common factor of 282 and 6?
6
What is the highest common divisor of 15 and 7020?
15
What is the greatest common divisor of 1463 and 266?
133
Calculate the greatest common divisor of 3434 and 136.
34
Calculate the highest common divisor of 3 and 75.
3
What is the highest common factor of 372 and 8?
4
What is the greatest common factor of 240 and 126?
6
What is the highest common divisor of 468 and 36?
36
Calculate the greatest common factor of 329 and 21.
7
What is the greatest common divisor of 565 and 1356?
113
Calculate the highest common divisor of 1960 and 448.
56
What is the highest common factor of 4 and 398?
2
What is the highest common divisor of 512 and 64?
64
What is the highest common factor of 220 and 869?
11
Calculate the greatest common divisor of 27 and 216.
27
What is the greatest common factor of 17 and 4?
1
What is the greatest common factor of 91 and 24479?
91
What is the greatest common divisor of 30 and 10?
10
Calculate the greatest common factor of 72 and 918.
18
What is the highest common divisor of 589 and 95?
19
What is the greatest common factor of 28 and 91?
7
What is the highest common divisor of 7191 and 6768?
423
What is the greatest common factor of 5553 and 9?
9
Calculate the highest common factor of 110 and 1705.
55
What is the highest common divisor of 76 and 2020?
4
What is the greatest common factor of 3249 and 27?
9
What is the highest common divisor of 1768 and 13?
13
What is the highest common factor of 2808 and 324?
108
What is the highest common divisor of 1190 and 175?
35
What is the greatest common factor of 576 and 48?
48
Calculate the greatest common factor of 146 and 3942.
146
What is the greatest common factor of 117 and 9?
9
What is the highest common factor of 34 and 2822?
34
What is the greatest common divisor of 2574 and 468?
234
Calculate the highest common divisor of 3914 and 266.
38
What is the greatest common factor of 350 and 63?
7
Calculate the highest common factor of 2688 and 144.
48
Calculate the greatest common divisor of 107 and 749.
107
Calculate the greatest common divisor of 84 and 45444.
84
What is the highest common divisor of 54 and 36?
18
What is the highest common divisor of 10542 and 12?
6
Calculate the greatest common divisor of 2363 and 278.
139
What is the highest common divisor of 56 and 4382?
14
What is the highest common factor of 4224 and 16?
16
What is the highest common divisor of 159 and 393?
3
Calculate the highest common divisor of 14 and 42.
14
What is the greatest common divisor of 28 and 322?
14
What is the highest common divisor of 4172 and 476?
28
What is the greatest common divisor of 1401 and 48?
3
What is the greatest common factor of 304 and 16?
16
Calculate the highest common factor of 33 and 18689.
11
Calculate the highest common divisor of 725 and 25.
25
Calculate the highest common divisor of 262 and 106.
2
What is the highest common factor of 18 and 16398?
18
What is the greatest common divisor of 70 and 46?
2
Calculate the greatest common divisor of 35 and 35.
35
What is the greatest common divisor of 820 and 40?
20
What is the highest common factor of 9 and 594?
9
What is the greatest common divisor of 50 and 40?
10
What is the highest common divisor of 3 and 96?
3
Calculate the highest common divisor of 204 and 12.
12
Calculate the greatest common divisor of 24 and 636.
12
What is the highest common factor of 1763 and 41?
41
Calculate the highest common divisor of 16815 and 19.
19
Calculate the greatest common divisor of 20710 and 15.
5
Calculate the highest common divisor of 282 and 426.
6
What is the highest common divisor of 9 and 2439?
9
What is the highest common divisor of 88 and 2024?
88
What is the greatest common factor of 76 and 380?
76
What is the highest common d